the greatest common factor of x and 594?
66
Let t be 4/8 + (-147)/14. Let d be t/((-2)/1) - -46. Calculate the greatest common factor of d and 34.
17
Let s(i) = -i**3 + 6*i**2 + 8*i + 11. Let d(g) = -g**2 + 7*g + 15. Let h be d(8). Let c be s(h). What is the greatest common divisor of c and 306?
18
Let o be 106/(-3) + 34/(-51). Let g = o - -196. Calculate the highest common divisor of 10 and g.
10
Suppose -6*u + 66 + 114 = 0. Let s = u + -21. What is the greatest common factor of s and 6?
3
Let g be (40/14)/(18/63). Let l be (-10)/(-3)*156/g. Let x = l - 35. Calculate the greatest common divisor of x and 68.
17
Let o(s) = 37*s**2 + 2*s - 1. Let v be o(3). Let i be -3 + (v - 1) + -1. Let l be (-6)/8 - i/(-12). Calculate the greatest common divisor of 297 and l.
27
Let i = -1720 + 2170. What is the highest common divisor of 80 and i?
10
Let d(s) = s**3 - 2*s**2 + s - 2274. Let a be d(0). Let x be 8/(-36) - a/27. Calculate the greatest common divisor of x and 36.
12
Suppose 35 = -r - 5*m + 66, 0 = -r - m + 19. What is the highest common factor of 6 and r?
2
Suppose -5 = -0*n - n. Let b(j) = 8*j**3 - j**2 + 26*j - 57. Let g be b(2). Calculate the highest common divisor of g and n.
5
Suppose 11*r - 13*r = 0. Suppose 5*k - 174 + 69 = r. Suppose -4*x + 23 + 5 = 0. What is the highest common factor of x and k?
7
Suppose 18734 = -39*w + 56*w. What is the greatest common factor of w and 58?
58
Let i(q) = -2*q**2 - 55*q + 41. Let g be i(-26). What is the greatest common factor of g and 17?
17
Suppose -4*i = d - i - 238, 4*d + 4*i = 936. What is the greatest common divisor of d and 29?
29
Let g be ((-2)/4)/((-5)/(-1680)). Let n = 75 - g. Calculate the highest common divisor of n and 27.
27
Let q(w) = -38*w + 266. Let o be q(4). Calculate the highest common divisor of 209 and o.
19
Let u = 197 + -65. Calculate the greatest common factor of 12 and u.
12
Let b be (263 + -11)/(-18)*20/(-2). What is the greatest common factor of b and 42?
14
Suppose 11*q - 7*q = 312. Calculate the greatest common factor of q and 52.
26
Let p(b) = 2*b**2 - 3*b. Let v be p(2). Let w be v*(2 + 0/(-5)). Calculate the greatest common factor of w and 20.
4
Suppose z + 121 = 7*f - 3824, -z = -5*f + 2817. Calculate the highest common factor of f and 36.
12
Let i be (-27)/(-2) + 10/4 + -2. Suppose -7 + i = c. Calculate the greatest common divisor of c and 1.
1
Let l be -2 + 20 - (0 - -3). Let r = l - 12. Let h be 9/12*4 + -2. What is the greatest common factor of r and h?
1
Suppose -i - 6*i = 147. Let m = i - -37. What is the greatest common divisor of m and 24?
8
Suppose 0 = -146*u + 147*u - 13. Calculate the greatest common divisor of 117 and u.
13
Suppose -3*i + 72 = i. Suppose -1445 = -45*q + 175. Calculate the greatest common divisor of i and q.
18
Suppose -116 + 41 = -5*w. Suppose -5*x = f - 3*x - 24, 3*x - 111 = -4*f. Suppose 6*s = s + f. What is the highest common factor of w and s?
3
Suppose -3*n + 30 = 3*i, -3*n + 16 = -2*i + 1. Suppose -3*b + n*b = 0. Let m = 8 - b. Calculate the greatest common divisor of m and 72.
8
Let t(y) = y**2 + 13*y + 13. Let d be t(-12). What is the highest common factor of 11 and d?
1
Suppose -h + 16 = 5*w, 3*w = 2*h + h + 24. Suppose 2*j - 2*v = -32, -w*j - 64 = -3*v + 2*v. Let r = 41 + j. What is the greatest common factor of 5 and r?
5
Let g be (-6)/4*20/(-3). Let c be (2235/g)/(9/12). Suppose 4*h + 5*z = c, 3*h + 0*z = 4*z + 239. What is the greatest common factor of h and 7?
7
Let r(g) = -3*g**2 - 12*g - 5. Let b be r(-3). What is the highest common factor of b and 32?
4
Suppose -4*o = 3*l - 116, o - l = 2*o - 29. What is the greatest common divisor of 145 and o?
29
Suppose 0 = 3*m + 3*t, 4*t = -m + 5*m - 40. Suppose -11 = -2*y - m. What is the greatest common factor of y and 24?
3
Let y = -714 + 787. Calculate the greatest common factor of y and 511.
73
Suppose 0 = -5*s - i + 7, i = -4*s - 3*i - 4. Calculate the greatest common divisor of s and 18.
2
Suppose 0 = -222*i + 214*i + 88. Calculate the greatest common divisor of i and 2805.
11
Suppose 8*u - 65 = 3*u. Suppose 3 - u = -2*v. Suppose -3*y - 2*n = -94, v*n = -4*y + 139 - 9. Calculate the highest common factor of 20 and y.
10
Suppose 3*b + 12 = 0, -3*v + 295 = -4*b - 837. Calculate the highest common divisor of 465 and v.
93
Suppose 23*a = 28*a + 75. Let v = 127 + a. What is the highest common factor of 7 and v?
7
Suppose 0 = 2*r + r + 240. Let m be 69/8 + (-30)/r. Suppose -2*i = i - 243. Calculate the highest common divisor of i and m.
9
Let v = -962 - -1779. Calculate the greatest common divisor of v and 38.
19
Suppose -29*j - 648 = -37*j. Calculate the highest common divisor of j and 12.
3
Let h be (-6)/(-24) - 573/(-12). Suppose 2*a = 5*q - 3*a - 35, -4*a - 22 = -3*q. Suppose -30 = -q*s + s. What is the greatest common factor of s and h?
6
Let m = -235 - -290. What is the highest common factor of m and 15?
5
Let d(t) = -2*t + 17. Suppose -29*i - 20 = -34*i. Let q be d(i). Calculate the greatest common factor of 63 and q.
9
Suppose -6*p = -14*p + 168. Calculate the highest common factor of 91 and p.
7
Suppose 12*t - 582 + 1458 = 0. Let k = t + 123. Suppose -4*f - 20 = -6*f. What is the highest common factor of f and k?
10
Let b be 2/(-21) - 1955/(-21). Calculate the highest common factor of b and 1395.
93
Let x(f) = -2*f**3 - 26*f**2 - f - 10. Let y be x(-13). What is the highest common factor of 27 and y?
3
Let x be (8 + -5)*(-2 - -5). Calculate the greatest common divisor of 3 and x.
3
Suppose -10 = -r + 3*i, 5*i = -5*r - 2 + 12. Let u be (4/24)/(r/(-32))*-12. What is the highest common divisor of 32 and u?
16
Let h = -834 - -1393. What is the greatest common divisor of h and 43?
43
Let t be ((-15)/2)/((-4)/24). Let u be 1*t*32/10. Calculate the greatest common divisor of 16 and u.
16
Let x be (-10 + 36)*9/2. What is the greatest common factor of x and 247?
13
Suppose 4 = 2*j - 4. Let w = j + 1. Let g be (2/4)/((-5)/400*-8). Calculate the greatest common divisor of g and w.
5
Let g(m) = m**3 - 11*m**2 + 6*m + 12. Let f be g(6). Let o = 164 + f. Calculate the greatest common divisor of o and 2.
2
Let y(p) = -2*p - 2. Let s be y(-3). Suppose 3*j + s - 19 = 0, -3*v - 4*j + 44 = 0. Calculate the greatest common factor of v and 88.
8
Let c(u) = u**2 - 18*u - 35. Let z be c(33). Calculate the greatest common divisor of 5 and z.
5
Let c be 360/11 + (-138)/(-506). What is the highest common divisor of c and 671?
11
Let m = 77 + -76. Let y be 4/m + (-24)/(-1). What is the greatest common divisor of y and 84?
28
Suppose -239 = -5*v + 161. Suppose -2*z + v + 112 = 0. Suppose -5*y + z = 3*n, -4 = n - 1. What is the greatest common divisor of y and 21?
21
Suppose -30*l - 308 + 368 = 0. Suppose -3*t - 5*j = 1 + 14, 3*t - 2*j = 6. Let o be (0 + t - 2)*-1. What is the greatest common factor of o and l?
2
Let w(i) = i**3 + 7*i**2 - i - 8. Let r be w(-6). Let f = 5 + r. Calculate the greatest common factor of 26 and f.
13
Let t(w) = w**2 + w + 18. Let m(u) = 3*u**2 + 3*u + 37. Let v(f) = 6*m(f) - 13*t(f). Let n be v(6). Calculate the greatest common factor of n and 18.
18
Let p be 1*(0 - 30/(-6)). Calculate the highest common factor of p and 625.
5
Let s be (16/4*4)/(6/48). What is the greatest common factor of s and 48?
16
Let r = 1450 - 489. What is the greatest common divisor of r and 31?
31
Let t be (-2)/10 - (-2916)/5. Suppose t = 6*y - 11. What is the greatest common divisor of 9 and y?
9
Let y = 190 + -30. Calculate the highest common divisor of y and 20.
20
Let g(q) = 9*q - 125. Let k be g(17). Calculate the greatest common factor of k and 6.
2
Let b be (728/455)/((-2)/(-15)). Calculate the greatest common factor of 12 and b.
12
Let g(s) = s**2 + 12*s + 12. Let u be g(-10). Let q be (u + 6)*-11*1/2. Calculate the greatest common divisor of q and 44.
11
Let a(w) = 2*w**2 - w - 1. Let o be a(-3). Let u = -118 - -120. Suppose 5*b = -2*k + 6*b + 3, 3*k + u*b - 22 = 0. What is the highest common divisor of o and k?
4
Let l = -403 - -493. What is the greatest common divisor of l and 135?
45
Suppose -5*j = 3*b - 236, 4*j - 380 = -5*b - j. What is the highest common divisor of b and 54?
18
Suppose -m = 5*h - 96, 4*m - 39 = 5*h - 155. Calculate the highest common factor of 740 and h.
20
Let s(n) 